inder when w is divided by 48.
15
Let c = 15 - -4. Let a(v) be the third derivative of -v**6/60 - v**5/60 + v**3/6 - 5*v**2. What is the remainder when a(-4) is divided by c?
18
Let t(q) = 2*q**3 + 19*q**2 - 26*q + 10. Let r be t(-11). Let s = r - -78. What is the remainder when 73 is divided by s?
7
Let o = 210 + -208. Suppose -136 = -4*x + o*f + 2*f, 98 = 3*x + f. Calculate the remainder when x is divided by 28.
5
Suppose 55*m - 102 = 52*m. Let l = -42 + m. Let x = l - -16. What is the remainder when 46 is divided by x?
6
Let p(n) be the first derivative of 4*n**2 - 42*n - 26. Let b be p(19). Suppose g + 18 - b = 0. What is the remainder when g is divided by 24?
20
Suppose -23*h + 88*h = 1105. Let v = 222 + h. Calculate the remainder when v is divided by 11.
8
Let h = 38 - 42. Let y be ((-42)/9 - 0)/(h/36). Suppose 3*p + y = 4*j - 2*p, -5*j - 3*p + 71 = 0. What is the remainder when 35 is divided by j?
9
Let h = -907 + 1040. What is the remainder when 2526 is divided by h?
132
Calculate the remainder when (39/(-9) + 3/(-9))*(-1308)/8 is divided by 33.
4
What is the remainder when 332 + -16 - (-8 + 5) is divided by 72?
31
Let a(m) = 87*m - 925. Calculate the remainder when a(13) is divided by 39.
11
Suppose 763 = -4*z - 1173. Let g = z - -516. What is the remainder when g is divided by 18?
14
Let o = 37 - 27. Suppose -g = -6*g + o. Suppose 45 = 5*i - 3*a, -i + 4*a = -g*i + 32. Calculate the remainder when i is divided by 9.
3
Suppose 28*d - 36*d = -272. What is the remainder when d is divided by 9?
7
Let h be (-2)/(-4) + (-1230)/(-60). Suppose -h*l = -17*l - 148. Calculate the remainder when 72 is divided by l.
35
Suppose -8 = w + 4*o - 57, w - 2*o = 19. Let s = 3075 - 3004. What is the remainder when s is divided by w?
13
Let k = -336 + 336. Suppose k = -3*y - 12, 5*y + 571 = 4*m - 153. Calculate the remainder when m is divided by 12.
8
Let y = -2301 - -2319. Calculate the remainder when 29 is divided by y.
11
Let x = 97 + -140. Let n = x - -47. Suppose l + l - n*s = 76, 2*s = 6. Calculate the remainder when l is divided by 12.
8
Suppose 54*a + 65*a - 122063 = 82*a. Calculate the remainder when a is divided by 118.
113
Suppose 139*k + 1444 = 158*k. What is the remainder when k is divided by (-29)/(-3)*39/13?
18
Suppose p - 2*p + 204 = 2*o, -216 = -2*o + 2*p. Suppose -3*r + 12 - 6 = 0, 3*r + 226 = 4*t. What is the remainder when o is divided by t?
46
Suppose -240 = -p + 3*v, 0 = 4*p + 3*v - 1454 + 464. Let n = p + -109. What is the remainder when n is divided by 70?
67
Let t = 19 + -8. Let a = 26562 + -26545. What is the remainder when a is divided by t?
6
Let q(n) = 31*n**2 - 7*n + 252. Calculate the remainder when q(30) is divided by 115.
112
Suppose g - 2*i = 217 - 18, g + 4*i = 223. Suppose 7*j - g = -4. What is the remainder when 144 is divided by j?
28
Suppose 2*z - 132 = 3*r, r + 1 = -2*z + 149. What is the remainder when z is divided by 64?
8
Let c be -5 - -1*(3 - -352). Suppose 4*m - 2*m = c. Calculate the remainder when m is divided by 22.
21
Suppose 3138*w - 448 = 3122*w. Calculate the remainder when 371 is divided by w.
7
Let c(q) = -228*q + 119. Calculate the remainder when c(-5) is divided by 30.
29
Let i = 10 + 2. Suppose 4*t + 3*k = -2*k + i, 3 = t + 2*k. Suppose -t*o - 644 - 321 = -5*f, f - 2*o = 193. Calculate the remainder when f is divided by 49.
46
Let v be 12/(7 + 17)*28/(-2). What is the remainder when (21352/119)/((-2)/v) is divided by 70?
68
Let s(p) = 2*p**2 - 35*p + 118. What is the remainder when 2016 is divided by s(14)?
16
Suppose 17*m - 12*m = -2*z + 682, 0 = 5*z - 4*m - 1639. What is the remainder when z is divided by 37?
35
Let n = 40 + -38. Suppose p - 2*p = 2*k + 2, -n*k - 2 = 0. Suppose -3*r + r + 2 = p. Calculate the remainder when 5 is divided by r.
0
Let q = 86 + -54. Suppose 5 - 1 = -l + 3*r, -4*l = 2*r - 40. What is the remainder when q is divided by l?
0
Let p(l) = -11*l - 5. Calculate the remainder when (420/27)/((-3)/(-378)*14) is divided by p(-4).
23
Let y = 119 - 109. What is the remainder when 42 is divided by -1*(1 + 1) + (35 - y)?
19
Let n = -26480 - -39033. What is the remainder when n is divided by 31?
29
Suppose 74*s - 78*s + 791 = -5*h, 3*s - 585 = h. What is the remainder when 690 is divided by s?
108
Let p(d) = 3*d - 5. Suppose 49 = 6*n + 31. What is the remainder when p(6) is divided by 0 - (-12 - (-21)/n)?
3
What is the remainder when 12/(-20)*-11831 - 18/(-45) is divided by 50?
49
Let n be (7*9/126)/((-2)/984). Let p = -175 - n. What is the remainder when p is divided by 19?
14
Suppose -3*n = -53*n - 8189 + 39439. What is the remainder when n is divided by 92?
73
Suppose 1798*g - 8141*g = -361551. What is the remainder when g is divided by (1 + 1)/((-4)/(-46))?
11
Let n be (-2*4/24)/((-2)/36). Let g be 26/4 - (-9)/n. What is the remainder when 54 is divided by (220/(-15))/(g/(-12))?
10
Let t = -22647 + 24047. What is the remainder when t is divided by 64?
56
Suppose 0 = -4*f + 2*g + 138, 0 = 5*f + g + 14 - 197. Suppose -4*t + f = -172. Let b = t + -42. What is the remainder when 35 is divided by b?
5
Suppose -248*t + 198*t = -40800. What is the remainder when t is divided by 41?
37
Let w = 10 + 0. Suppose 149 = 4*p + b, 137 = -68*p + 72*p + 5*b. What is the remainder when p is divided by w?
8
Suppose f = 5*l - 130, l = -63*f + 68*f + 2. What is the remainder when 780 is divided by l?
24
Let o(q) = -q**3 - 5*q**2 + 6*q + 6. Suppose 0 = 3*j + 5*v - 163, -95*v + 20 = -91*v. What is the remainder when j is divided by o(-6)?
4
Suppose 0 = 9*s - 37*s + 9800. Calculate the remainder when s is divided by 115.
5
Let c be -1*(0 - 3 - 0). Suppose c = -t + 6. Calculate the remainder when (-1)/((-5)/(-105))*(-8)/t is divided by 15.
11
Let c = -30223 - -30246. Let i = 84 + 1. What is the remainder when i is divided by c?
16
Suppose 116*y = 373*y - 27242. Calculate the remainder when y is divided by 48.
10
Let c(q) = 22*q**2 + 14*q + 9. What is the remainder when 27573 is divided by c(-1)?
16
Let a(i) = 166*i + 11639. Calculate the remainder when 72 is divided by a(-70).
15
Let w = 91682 + -91655. Let n = 56 + -13. Calculate the remainder when n is divided by w.
16
Suppose -13*m - 2*u = -10*m - 133, 0 = 4*m + u - 169. Calculate the remainder when (68/34)/(-1 + (-410)/(-406)) is divided by m.
39
Suppose 1565 + 436 = 87*v. Calculate the remainder when 161 is divided by v.
0
What is the remainder when 1449 is divided by (10/6)/(402/(-54) - -8)?
0
Suppose 622 + 812 = 3*g. What is the remainder when g is divided by 229?
20
Let b(s) = 28*s - 79. Let j be b(3). Suppose -8*p = -4*p - j*r - 133, 3*p + 5*r = 56. Calculate the remainder when 98 is divided by p.
17
Let c = 9784 - 88. What is the remainder when c is divided by 25?
21
Suppose t - 173 = -f, -211 = -3*t + 3*f + 308. Calculate the remainder when t is divided by 87.
86
Suppose 0 = -55*d + 50*d - l + 12302, 2467 = d - 2*l. Calculate the remainder when d is divided by 38.
29
Calculate the remainder when 1882 is divided by 774/48 + 6/(-48) - 3.
10
Let f = -392 - -394. Suppose -5*t + 2*u = 6*u - 158, 0 = -f*t + 4*u + 52. Calculate the remainder when t is divided by 14.
2
Calculate the remainder when (44728/140)/(14/35)*7 is divided by 47.
45
Calculate the remainder when (-2182)/(-9) - (-52)/(-117) is divided by 67.
41
Let f = 8491 - 6984. What is the remainder when f is divided by 63?
58
Suppose 3*z = l - 19, 2 = 3*z + 4*l + 1. Let b(r) = -14*r - 2. Calculate the remainder when 202 is divided by b(z).
66
Let x be (-5)/7 - 8/28. Let w(g) = 69*g - 12. Let i(q) = -68*q + 14. Let m(c) = -4*i(c) - 5*w(c). Calculate the remainder when m(x) is divided by 20.
17
Suppose 3*k + 7179 - 2124 = 5*h, 0 = -2*k + 2*h - 3374. What is the remainder when 2 + k/(-5)*1 is divided by 18?
16
Let i(l) = 6*l**2 + 224*l - 2185. What is the remainder when i(9) is divided by 83?
68
Suppose -3*q - 11 = 4, -5*r + 5*q = 0. Let a be (11/r + -1)/((-2)/(-15)). Let l = a - -29. What is the remainder when 19 is divided by l?
4
Let m(z) = -z**2 - 5*z - 8. Let o be m(-3). Let q(y) = -4*y + 6. What is the remainder when 54 is divided by q(o)?
12
Let p(q) = 2. Let m(h) = h + 1. Let x(c) = 6*m(c) - p(c). What is the remainder when x(5) is divided by (157/((-28574)/624))/(2/(-14))?
10
Suppos